{"id":53,"date":"2020-03-12T19:47:50","date_gmt":"2020-03-12T18:47:50","guid":{"rendered":"http:\/\/www.madamechic.cz\/?page_id=53"},"modified":"2020-03-22T13:35:53","modified_gmt":"2020-03-22T12:35:53","slug":"e-shop","status":"publish","type":"page","link":"https:\/\/www.madamechic.cz\/?page_id=53","title":{"rendered":"E-shop"},"content":{"rendered":"\n<h2 class=\"wp-block-heading\"><strong>Sleva 10%<\/strong> na v\u0161echny produkty Paul Mitchell na e-shopu  <a href=\"https:\/\/eshop.paulmitchell.cz\/\">https:\/\/eshop.paulmitchell.cz\/<\/a> po zad\u00e1n\u00ed k\u00f3du <strong>VLASY<\/strong>.<\/h2>\n","protected":false},"excerpt":{"rendered":"<p>Sleva 10% na v\u0161echny produkty Paul Mitchell na e-shopu https:\/\/eshop.paulmitchell.cz\/ po zad\u00e1n\u00ed k\u00f3du VLASY.<\/p>\n","protected":false},"author":1,"featured_media":0,"parent":0,"menu_order":0,"comment_status":"closed","ping_status":"closed","template":"","meta":{"footnotes":""},"class_list":["post-53","page","type-page","status-publish","hentry"],"jetpack_sharing_enabled":true,"_links":{"self":[{"href":"https:\/\/www.madamechic.cz\/index.php?rest_route=\/wp\/v2\/pages\/53","targetHints":{"allow":["GET"]}}],"collection":[{"href":"https:\/\/www.madamechic.cz\/index.php?rest_route=\/wp\/v2\/pages"}],"about":[{"href":"https:\/\/www.madamechic.cz\/index.php?rest_route=\/wp\/v2\/types\/page"}],"author":[{"embeddable":true,"href":"https:\/\/www.madamechic.cz\/index.php?rest_route=\/wp\/v2\/users\/1"}],"replies":[{"embeddable":true,"href":"https:\/\/www.madamechic.cz\/index.php?rest_route=%2Fwp%2Fv2%2Fcomments&post=53"}],"version-history":[{"count":4,"href":"https:\/\/www.madamechic.cz\/index.php?rest_route=\/wp\/v2\/pages\/53\/revisions"}],"predecessor-version":[{"id":127,"href":"https:\/\/www.madamechic.cz\/index.php?rest_route=\/wp\/v2\/pages\/53\/revisions\/127"}],"wp:attachment":[{"href":"https:\/\/www.madamechic.cz\/index.php?rest_route=%2Fwp%2Fv2%2Fmedia&parent=53"}],"curies":[{"name":"wp","href":"https:\/\/api.w.org\/{rel}","templated":true}]}}